ase 8.
740624
-efef6 (base 16) to base 8
-3577366
-3589b (base 14) to base 13
-4762a
Convert 2096a4 (base 13) to base 11.
4816a8
What is 1017005 (base 10) in base 11?
635100
670a44 (base 15) to base 2
10010101111011100101011
Convert -13d2f (base 16) to base 13.
-2ac61
What is -237245 (base 9) in base 12?
-6a97b
Convert 13313102113 (base 4) to base 2.
111110111010010010111
1010211200100 (base 3) to base 13
1833b1
What is 390312 (base 11) in base 7?
5141605
What is 1c3200 (base 16) in base 9?
3425640
What is -22023123 (base 4) in base 11?
-29361
341342 (base 7) to base 13
21734
What is 11e9225 (base 15) in base 11?
7304178
2932115 (base 10) to base 9
5458085
158191 (base 10) to base 13
57007
What is -134711 (base 12) in base 8?
-1156775
What is 3422441122 (base 5) in base 3?
112100100220021
1021020121102 (base 3) to base 11
420463
What is -110400101 (base 7) in base 8?
-31307206
What is 41364710 (base 8) in base 10?
8776136
Convert -8a32a (base 12) to base 8.
-546522
What is 1522402 (base 6) in base 8?
255202
12230020331 (base 4) to base 15
24990b
-293830 (base 15) to base 13
-54716a
-2031131002 (base 4) to base 9
-1072701
Convert 155262 (base 8) to base 14.
16590
What is -33042543 (base 6) in base 3?
-1212001222200
4b6896 (base 16) to base 6
253531302
4331100 (base 5) to base 13
27838
Convert 30111313121 (base 4) to base 16.
315dd9
Convert -602ab (base 15) to base 2.
-1001010010011101001
-130024504 (base 6) to base 14
-4996ac
45402425 (base 8) to base 10
9831701
What is -1000111010100100111 (base 2) in base 13?
-a2c7c
Convert -8a347 (base 11) to base 16.
-1ff24
Convert -4044440 (base 6) to base 9.
-323466
What is 1791342 (base 12) in base 10?
4916642
What is -3433223 (base 5) in base 12?
-2b848
-1006360 (base 10) to base 15
-14d2aa
-17da2c (base 15) to base 12
-47b2b9
Convert 126533 (base 10) to base 8.
367105
What is 12012102100 (base 3) in base 16?
18fde
Convert -94cd (base 15) to base 10.
-31468
What is 78141 (base 10) in base 15?
18246
Convert -1220001212022 (base 3) to base 11.
-627240
What is 11421104020 (base 5) in base 16?
cd5578
What is -72453 (base 15) in base 5?
-43041403
What is -10000011111110101 (base 2) in base 11?
-46850
Convert 4584185 (base 9) to base 16.
25ca1b
Convert 1022222012121 (base 3) to base 5.
140124020
Convert 2b0aa (base 12) to base 6.
1144334
16c92 (base 14) to base 4
32000100
Convert 85927 (base 11) to base 6.
2402125
What is 2b65a (base 14) in base 8?
323360
Convert 3cb2b (base 14) to base 11.
a2a81
Convert -94b122 (base 12) to base 3.
-11101222002022
2a82292 (base 11) to base 10
5273765
What is 722541 (base 10) in base 14?
14b461
Convert -2047526 (base 8) to base 9.
-1020038
Convert -1110111100011100001010 (base 2) to base 7.
-45204340
What is -112232022 (base 4) in base 15?
-1c896
21daff (base 16) to base 4
20131223333
Convert 1c7c6 (base 14) to base 5.
4313030
780 (base 12) to base 9
1456
What is -201220212112120 (base 3) in base 15?
-de1d06
-3223233030 (base 4) to base 14
-1b1c60
Convert -38279 (base 12) to base 4.
-102221331
Convert -1143013 (base 7) to base 14.
-3ac43
357da (base 15) to base 5
20424110
Convert -54401000 (base 7) to base 6.
-243443002
1aab9 (base 13) to base 9
78752
What is 13208031 (base 9) in base 11?
3740538
Convert -2110102312 (base 4) to base 16.
-944b6
9827b7 (base 13) to base 11
2022655
What is -4014314 (base 5) in base 11?
-43958
What is 38459a (base 12) in base 13?
262a77
What is -5320311 (base 7) in base 3?
-1012200212220
Convert -32c0aa (base 15) to base 4.
-21032311003
What is 4a0002 (base 15) in base 4?
31201023020
What is 147485 (base 11) in base 8?
700205
What is -415354 (base 7) in base 6?
-1311054
What is 3343715 (base 10) in base 8?
14602543
Convert -10110011000000000001 (base 2) to base 12.
-2b4369
Convert 3418b (base 12) to base 2.
10000111011111011
-21343054 (base 6) to base 8
-2331512
What is 18a72 (base 15) in base 2?
10011100001101110
-130605 (base 8) to base 5
-2423240
Convert -ad81b0 (base 15) to base 10.
-8279265
Convert 1052324 (base 8) to base 14.
7563a
-223114 (base 8) to base 9
-124311
-40443051 (base 6) to base 12
-479487
-6473614 (base 10) to base 8
-30543616
1a87a (base 11) to base 8
70516
11001110011010101 (base 2) to base 9
170867
100011111100101110 (base 2) to base 6
3053410
What is -1654382 (base 9) in base 14?
-19dccd
What is -6799 (base 15) in base 4?
-11113101
What is -47475 (base 12) in base 7?
-546011
Convert -10111001101110111 (base 2) to base 15.
-1d29a
Convert -23101433 (base 5) to base 2.
-110010011010011101
4322233010 (base 5) to base 3
122021102010002
Convert -55053 (base 7) to base 13.
-6354
What is 102110112111201 (base 3) in base 7?
102533515
Convert -4614020 (base 8) to base 11.
-785176
Convert -211011002100121 (base 3) to base 4.
-230322003313
What is -15512220 (base 6) in base 4?
-2013032310
Convert -231236203 (base 7) to base 9.
-28573034
-13533142 (base 6) to base 4
-1301020112
-f473b (base 16) to base 7
-11340112
Convert 5378c9 (base 13) to base 7.
22436333
What is -6352a5 (base 11) in base 7?
-11434501
Convert -7605560 (base 8) to base 2.
-111110000101101110000
What is 3780632 (base 10) in base 5?
1431440012
-2641483 (base 10) to base 16
-284e4b
Convert 34632a5 (base 12) to base 15.
d42998
Convert 10021220001212 (base 3) to base 2.
110101011001010010010
What is -4cadd (base 15) in base 16?
-3bed2
-305657 (base 9) to base 13
-646c6
What is 10211101 (base 5) in base 7?
503153
What is -35400 (base 10) in base 13?
-13161
What is -4bc70 (base 13) in base 16?
-224f2
322113332 (base 4) to base 11
153706
Convert 33123200 (base 4) to base 9.
105622
What is -117853 (base 11) in base 10?
-186035
What is -30a870 (base 14) in base 12?
-672696
Convert -11938 (base 12) to base 11.
-16980
-799c96 (base 13) to base 11
-1696336
What is -8722 (base 13) in base 10?
-18787
10236350 (base 7) to base 12
359608
2221130022 (base 4) to base 7
5620254
6525372 (base 10) to base 9
13245113
-18b0ec (base 16) to base 2
-110001011000011101100
Convert 1000111101011011001 (base 2) to base 8.
1075331
Convert -6504032 (base 7) to base 9.
-1435438
Convert 40531 (base 16) to base 2.
1000000010100110001
What is -551326 (base 7) in base 13?
-34c3c
223222301231 (base 4) to base 9
23476788
Convert 434412 (base 6) to base 7.
206660
90787 (base 13) to base 11
167108
What is 100100111101001110111111 (base 2) in base 13?
2012859
Convert 232030141 (base 6) to base 4.
100120321231
Convert 3111301033 (base 4) to base 13.
24870a
What is -6aac1 (base 13) in base 3?
-100220202000
What is -495723 (base 10) in base 13?
-144837
Convert -8cc69 (base 14) to base 16.
-53aad
What is -2115514 (base 6) in base 5?
-11304104
Convert 7173408 (base 9) to base 10.
3827582
What is 150465 (base 7) in base 5?
1412210
What is 413244 (base 7) in base 14?
1bb24
1221133303 (base 4) to base 6
13132311
-532103 (base 7) to base 11
-63115
4926bb (base 12) to base 4
10201221233
What is 140414120 (base 5) in base 10?
716785
Convert 1100110330 (base 4) to base 12.
13a4a4
-13555224 (base 6) to base 15
-93307
What is 4ce5b7 (base 15) in base 2?
1110000101101111101011
1301020344 (base 5) to base 4
23333011112
What is d749 (base 15) in base 5?
2424034
Convert 1031443 (base 5) to base 7.
102513
-31c13 (base 14) to base 15
-259e1
What is 26325 (base 10) in base 4?
12123111
111021100001222 (base 3) to base 12
2441808
-11332525 (base 6) to base 2
-1010110100010000101
Convert 1189caa (base 14) to base 15.
b0e6ab
What is 442310041 (base 6) in base 11?
4544651
-101110101100010001011 (base 2) to base 6
-52443151
What is 3032332132 (base 4) in base 14?
180d54
-12301233120 (base 4) to base 5
-423322400
What is -910bc6 (base 15) in base 6?
-403343153
What is -110042 (base 9) in base 8?
-200160
-454a5 (base 11) to base 8
-200432
Convert -1937470 (base 11) to base 6.
-154105113
-100101000001001100 (base 2) to base 10
-151628
-2246422 (base 7) to base 11
-181a60
What is 429564 (base 10) in base 16?
68dfc
What is -1112001213 (base 4) in base 9?
-586310
What is -532375 (base 14) in base 11?
-164a673
-111010101101111010 (base 2) to base 3
-110012220122
What is -10001010101110010010011 (base 2) in base 16?
-455c93
What is -5e598 (base 16) in base 9?
-648105
-111135002 (base 6) to base 8
-7547212
-24eabc (base 15) to base 11
-aa